uate (13 - -8 - 14) + (1 - 1).
7
What is 1 + -1 + (-5 - -3) + 4?
2
What is the value of 3 + (-8 - (9 - 17))?
3
Calculate -11 - (9 + -29 + 2).
7
Calculate 29 - 25 - (1 + -1).
4
Evaluate 5 - (4 - -1) - (0 + 0).
0
What is the value of 8 + (3 - (1 + 17))?
-7
What is the value of -5 + (5 - 4) + 2 + -4?
-6
What is the value of 2 + (-11 - 0) - -20?
11
Calculate (-9 + 2 + 2 - -5) + 3.
3
Evaluate (-3 - -8) + (-5 - (-5 - -14)).
-9
Calculate -1 - (11 - 8) - -6.
2
What is the value of 2 + (-2 - -8) + (1 - 3)?
6
-52 - -47 - (0 - 1 - 1)
-3
Evaluate -3 + 5 + -6 + (5 - 3).
-2
-4 + 6 + 1 + -1
2
Calculate -2 - (-6 - (-3 + -3 + 3)).
1
Evaluate -8 - (7 - (11 - -1)).
-3
-2 + 1 - (-2 - (0 + 4))
5
Calculate -2 - (2 + 3 - (0 + 6)).
-1
0 + (-1 - (3 + -1))
-3
Evaluate -5 + 6 - (-2 + 14 + -7).
-4
What is the value of 3 + -6 + -17 + 23?
3
Calculate -1 + -3 - (-10 + 1).
5
What is the value of 52 + -58 - (1 - (16 - 2))?
7
Calculate 3 + -12 + 12 + (0 - 8).
-5
Calculate 8 + -12 + -5 + 6.
-3
What is the value of 5 + (0 - (2 + 2))?
1
What is the value of (1 - 3) + 3 - -1?
2
What is the value of -2 + (-3 - -3) + 6?
4
Calculate (-6 - -9) + -8 + 2.
-3
Calculate -3 + 0 + 2 + 5 + -1.
3
-2 + -9 + 3 + 3
-5
Calculate -5 - ((-15 - 1) + 5 + 2).
4
Evaluate (2 - (-1 + -2)) + -8.
-3
Evaluate (-5 + 3 - 6) + 5.
-3
What is the value of -6 - (-14 + 6) - (2 - 2)?
2
What is the value of 2 + -2 - 1 - (-7 + 9)?
-3
4 - 1 - (-3 + 5)
1
Evaluate 0 + (-6 - -3 - -2).
-1
What is the value of 3 - 0 - (6 + (-5 - -5))?
-3
What is (1 - 7) + 4 + 7?
5
(1 + 0 - -2) + 4 + -4
3
What is 1 + 3 + -3 + -8?
-7
Calculate 3 + 0 + 0 + 20 + -18.
5
What is 10 + (5 - 8) + -4?
3
What is 13 + -8 + 7 + (-3 - 2)?
7
What is -1 + 1 + -3 + (-92 - -91)?
-4
What is 2 + 0 - (-245 - -247)?
0
What is the value of 2 + -12 - (16 + -32 - -13)?
-7
What is 2 + -4 + 3 + -3?
-2
Evaluate (0 - (-26 - -7)) + -9.
10
What is the value of 14 + (2 + -8 - 3)?
5
-1 + 4 + (-3 - -3) + -5
-2
What is the value of -1 - -4 - (-4 - (2 + -13))?
-4
Calculate (-2 - (-2 - -1)) + 3 - 11.
-9
What is (-3 - -9) + 4 - 8?
2
5 + ((4 - -5) + -6 - 12)
-4
Evaluate -1 + 6 + (-9 + 4 - -5).
5
What is the value of 0 + -5 + -9 + 9 + -2?
-7
Calculate -4 + 6 - (4 - -2).
-4
Evaluate -43 + 43 + 3 + 0.
3
What is (0 - 7) + -13 + 17?
-3
-2 + 2 + 2 + 2 + -4
0
What is (-3 - -9 - 0) + (-1 - 2)?
3
Calculate (-9 - -10) + -1 + (-1 - 1).
-2
Calculate -19 + 23 + (0 - 0).
4
What is (-12 + 8 - -11) + -8?
-1
Evaluate 10 + (-1 - 6) - -2.
5
Evaluate 0 - -3 - (45 - 46).
4
Evaluate (2 - 1) + (-7 - 0 - -5).
-1
What is 0 + -7 - (-29 - -17)?
5
What is the value of (5 - 15) + 5 + 5?
0
-10 - ((5 - 15) + 3)
-3
Calculate (-4 - (0 + -1)) + 355 + -343.
9
(-6 - (4 + -8)) + 10
8
What is the value of (7 - 3) + -2 + 10 - 7?
5
What is the value of -1 - (-1 - (-3 + 2 - 0))?
-1
2 + (2 - -6 - 15)
-5
What is the value of -37 + 32 + (-2 - -8) + -2?
-1
What is the value of -3 + 4 + -1 - (1 - 0)?
-1
What is the value of (0 - -7) + 10 + (-21 - -9)?
5
What is the value of -46 + 45 - (-2 + 1)?
0
-2 + (0 - -4 - 1) - -4
5
What is the value of 3 + (-5 - -4) + -2 + -2?
-2
-37 - -27 - (-8 + (2 - -1))
-5
Evaluate 4 - (-4 + 2 + 5).
1
Calculate (-17 - (14 + -30)) + -1 + -5.
-7
What is the value of 1 - -11 - (15 + -10) - 11?
-4
What is (50 - 51) + (1 - -4)?
4
(0 - (10 + 1) - -6) + 8
3
What is the value of -5 - -11 - (4 - 0)?
2
What is the value of 18 - 22 - (4 + -3 + 0)?
-5
Evaluate -2 + ((-3 - 1) + -1 - -4).
-3
-2 + 4 + 3 + (-17 - -9)
-3
-2 + -3 + (0 - 0)
-5
Evaluate (5 - 3) + (-4 - -2).
0
Calculate 5 - (1 - (-3 + 4 - 6)).
-1
Calculate 4 + (-4 - (-4 - -3)) + 0.
1
What is the value of -2 + (3 - (-4 + 0 + 5))?
0
Evaluate -30 + 9 + 10 + 9.
-2
Evaluate -9 - (-18 + 2 + 6).
1
Calculate 4 - (-2 + 1) - (-42 + 45).
2
What is (-43 - -46) + (1 - 0) + 1?
5
What is -4 - (3 + -2) - (4 - 5)?
-4
-1 - (5 - 0 - 5) - -2
1
Evaluate 56 + -46 - ((-1 - -2) + 4).
5
Calculate 14 - 15 - (2 - 6).
3
Evaluate -4 - (-5 + 0 + 3).
-2
What is -1 + (0 - -2 - 1) - -3?
3
What is -32 + 17 + 8 - (1 - 2)?
-6
Calculate -1 - (1 - ((0 - 0) + 0)).
-2
What is the value of -3 - (-3 + -7 + 2)?
5
What is -2 + 6 - 4 - -3?
3
Evaluate 13 + 1 + (-6 + 16 - 17).
7
Evaluate (-3 - ((3 - 4) + -1)) + 1.
0
Calculate (-7 + 1 - -2) + (2 - -2).
0
What is 3 - (6 - 6 - (-2 + -2))?
-1
What is -1 - (3 - 3 - -4)?
-5
What is -8 - -4 - -1 - 1 - -7?
3
Evaluate 4 - 7 - (-12 - -9).
0
What is 11 + (2 - 1) + -24 + 20?
8
What is the value of -1 + 4 + -1 - (8 - 1)?
-5
4 + (5 + -5 - 8)
-4
What is 13 + -1 + -1 + -7?
4
Calculate 0 - 10 - -3 - (-3 - 0).
-4
Calculate -2 - (0 + 0 - (2 - -5)).
5
Calculate 5 + (0 - -4) + -5.
4
What is the value of -2 + (0 - 2) + -1?
-5
What is the value of -4 + (5 + -3 - -3) + -6?
-5
What is the value of 0 - (-4 + 1) - (-1 - -3)?
1
Evaluate -1 - (7 + 3 + -16).
5
What is (6 - 16 - -14) + -7 + 1?
-2
What is -7 - (7 - (23 - 5))?
4
What is 0 - (5 + -2 + -2 + -3)?
2
What is -2 - ((-4 + 4 - 5) + 4)?
-1
What is the value of -1 + (4 - 1 - (4 + -3))?
1
What is the value of -17 - (-1 + 3 + -15)?
-4
Calculate -12 + -9 + -9 + 30.
0
Calculate 0 + -1 + 0 + (-35 - -40).
4
-4 + (-2 - -6) - 5
-5
-1 + 3 - (20 - 14)
-4
Calculate 2 + (-8 - (-7 - -2)).
-1
Evaluate 3 - 3 - (24 + -23).
-1
What is 2 + -12 + -1 + 7 - -4?
0
Calculate 3 - (3 + 3 + -7) - -5.
9
What is 6 + (0 - (6 - 5))?
5
Evaluate 200 + -197 + (1 + -8 - 0).
-4
What is the value of -2 + 11 + 2 + -6?
5
-3 + (2 + -2 - -2 - 2)
-3
What is the value of 11 + -2 + (-6 - 0)?
3
-7 - (2 - -1 - 3) - -3
-4
What is 9 - (17 + -10 - 0)?
2
Calculate 3 + (5 + 3 - (0 - -10)).
1
Calculate 4 + (-5 + 1 - -4).
4
What is 1 + 2 - 1 - (3 + -3)?
2
What is -65 - -75 - (5 - (-1 - 2))?
2
Calculate 9 + -6 + (1 - 5).
-1
Calculate 2 + 0 - (17 - 46 - -32).
-1
What is the value of -2 + (3 - 2) - (-2 - -1)?
0
What is -5 - (-6 - (10 - 4))?
7
Evaluate -6 + (-10 - (-7 + -1)).
-8
-2 + 5 + (3 - 11) - -3
-2
What is -6 + (4 - 2) + 0 - -9?
5
Calculate 4 + -3 - -5 - 4.
2
-2 - (5 - -4) - -5
-6
(0 - 5) + 4 - -5
4
Evaluate (-8 - -19) + -15 + 5.
1
Calculate (0 - -11) + (15 - 21).
5
What is the value of 32 - 27 - (1 + 8)?
-4
0 + (-12 - ((0 - -8) + -15))
-5
Evaluate -13 + 1 + 7 + (12 - 14).
-7
Evaluate (12 - 1) + -1 + -4 + -6.
0
Calculate -3 - (-3 - -2 - -4 - 4).
-2
5 + (-5 - 4 - (-9 - -1))
4
Evaluate -21 + 19 + (1 - -4 - -2).
5
Evaluate (7 - 6 - -13) + -6 - 6.
2
Calculate -4 - 1 - (3 + (-4 - -2)).
-6
2 - -3 - (43 - 38)
0
2 - 8 - (-2 + -1 + 1)
-4
What is the value of -3 + (-1 - (-6 - (2 + -12)))?
-8
What is 8 + 0 - (8 - -5 - 8)?
3
What is (1 - -4) + (-2 - (7 + -6))?
2
What is -7 + (2 - -1 - -1) - 1?
-4
What is the value of (1 - -3) + -2 + -8 + 2?
-4
Calculate 7 + -3 - (-6 + (9 - 0)).
1
Calculate 5 + 5 + -1 - 5.
4
Calculate 1 + -1 + (7 - 13) - -10.
4
Evaluate 0 + 0 + (14 - 17).
-3
What is (2 + -5 + 6 - 5) + -1?
-3
What is 3 + (0 + 6 - 4 - 4)?
1
Evaluate 2 - (1 + 2) - -4.
3
1 - (-10 - 5) - 12
4
Evaluate -190 + 191 + (-3 - 1 - -1).
-2
What is the value of 28 + -37 + -1 + 12?
2
Calculate -2 + -5 + 5 + 8.
6
Calculate 0 + (5 - -4) + -15.
-6
What is 1 - 7 - 0 - -1?
-5
Evaluate 19 + -20 + (17 - 7).
9
Calculate 5 - (6 - (-7 - -10)) - 3.
-1
Evaluate -65 + 63 - (1 + 3).
-6
What is -1 + -2 - (4 - 1 - 7)?
1
Evaluate (4 + -2 - 2) + 40 + -35.
5
What is -3 + -1 + 0 - -5?
1
Evaluate (1 - (1 - 5)) + 288 + -292.
1
What is -3 + 1 + 4 + 0 + 3?
5
Calculate 1 - (-17 + 13 + 0).
5
What is -8 - (6 + -3 - 16)?
5
What is the value of (-2 - -3 - 1) + (4 - -1)?
5
-2 - (0 - 2 - 1)
1
What is 5 + (2 - 6) - 6?
-5
Evaluate 8 - (-10 + 9) - 14.
-5
(-1 - 3 - 0) + (-5 - -4)
-5
Calculate -2 + -4 + 10 + 1.
5
Calculate (3 - 3) + (11 - 6) - -2.
7
What is the value of 5 + 0 + (8 - 17)?
-4
16 + -18 - (-1 + 0)
-1
What is the value of 1 + 3 - (0 + 2)?
2
What is -1 - ((-1 - (-1 - -5)) + 3)?
1
(226 - 223) + (1 - (1 - -6))
-3
1 - 0 - (10 + -12)
3
Evaluate -12 + (-6 - -13 - 2).
-7
What is the value of (5 - 12 - -4) + (10 - 2)?
5
What is (3 - (1 + 4)) + 7?
5
What is the value of -1 - (-5 + (-4 + 0 - -5))?
3
What is (24 - 23) + (-1 - (-2 - 3))?
5
Evaluate 3 + -3 - -1 - 3.
-2
What is -1 + 1 - (-1 - (-2 - 3))?
-4
What is 5 + -9 + 3 - -6 - 2?
3
What is the value of -3 - -6 - ((-7 - -5) + 7)?
-2
Evaluate 2 - -2 - 0 - (28 - 23).
-1
What is 0 - -6 - (1 - -3) - 7?
-5
Evaluate -6 + (-1 - 0) - -5.
-2
Evaluate 0 - 1 - ((-8 - -22) + -17).
2
What 